t x = -1829 - -1923. Calculate the greatest common divisor of 13442 and x.
94
Let s(i) = 2. Let h(w) = -w - 33. Let b(f) = -h(f) - 5*s(f). Let n be b(-9). Calculate the highest common factor of 7 and n.
7
Let g(j) = 47*j**2 - 26*j + 170. Let r be g(5). Calculate the highest common factor of 180 and r.
45
Suppose -16 + 3 = -h. Suppose -2*f = 2*w - 8, f = 4*w + 4*f - h. Let k(g) = 7*g**2 + g - 1. Let u be k(w). What is the greatest common factor of u and 77?
7
Let m(n) = -13*n - 108. Let j be (-50)/(-4)*8/(-10). Let h be m(j). Calculate the highest common factor of h and 946.
22
Suppose 3*q = -112*q + 20*q + 79895. What is the greatest common divisor of 87 and q?
29
Let f(r) be the second derivative of r**5/5 - r**4/2 + r**3/2 - 39*r**2/2 + 36*r. Let b be f(6). Calculate the highest common factor of 66 and b.
33
Suppose -56*v + 62644 = -41292. Calculate the highest common divisor of v and 192.
64
Let h(y) = y**2 + 3*y + 2. Let d be h(0). Suppose -4*s - 15 - 5 = 0, d*s + 34 = 4*w. What is the greatest common factor of w and 33?
3
Let o = 11386 + -1614. Calculate the greatest common divisor of o and 84.
28
Let s be (-513)/(-1197) - 10/(-28)*38. Suppose -4*v + 9 + 7 = 0. Suppose 6 = 2*z - i, -18 = -v*z + 3*i + 2*i. What is the highest common factor of s and z?
2
Let c(k) = -k**3 + 12*k**2 - 157*k + 1394. Let d be c(10). Calculate the highest common divisor of d and 1888.
8
Let m be (-8)/(-22) + (-24160)/(-352). Calculate the greatest common divisor of m and 48.
3
Let p be 0/(-1) + (-10)/5 + 6. Suppose 17*q + 388 = 19*q - p*a, 3*q + 3*a - 600 = 0. Let s = 0 + 18. Calculate the greatest common divisor of q and s.
18
Suppose -625968 = -71*i - 97*i. What is the highest common divisor of 3 and i?
3
Let i(g) = 20*g**2 + 3*g - 24. Let w be i(2). Let l be (2/(-4))/(6/(-372)). Calculate the greatest common divisor of w and l.
31
Let x = -518 - -713. What is the greatest common divisor of x and 13?
13
Suppose 0 = -3*p - 2*v + 79, -3*p + v + 87 = p. Let y be p*1 + (-10 - -9). Suppose 24*u = -90*u - 94*u + 416. What is the greatest common factor of u and y?
2
Let w be 6/(4/16*6). Suppose w*u = -0*u + 2*c + 138, 2*c - 6 = 0. Suppose -s + u = 16. Calculate the greatest common divisor of s and 8.
4
Suppose -40*t - 10*t + 22550 = -28*t. What is the highest common factor of t and 25?
25
Let j(g) = -8*g - 404. Let p be j(-66). Calculate the greatest common divisor of p and 8.
4
Suppose 0 = h - t - 4*t - 173, 2*h + 4*t = 262. Calculate the highest common factor of h and 9152.
143
Let y = -11943 + 12277. Calculate the highest common factor of 1837 and y.
167
Let o be (-15 + 13)*(-2)/4. Let l be (o - -20)/(90/240). Calculate the highest common factor of 8 and l.
8
Let l = 988 + -508. Let j be (-43120)/(-2860) - 3/39. Calculate the greatest common factor of j and l.
15
Let o(t) = 7*t**2 + 19*t + 4. Let y be o(-3). Suppose 1677 = y*v + 387. Calculate the highest common factor of v and 172.
43
Suppose 23 = 5*g - 5*d - 27, -49 = -4*g - 5*d. Suppose 0 = -2*a - 5*s + 33, 10*a - 11*a - g = -3*s. What is the highest common factor of a and 68?
4
Suppose -5*q = -q + 2*r - 6, 5*r - 15 = -2*q. Let w(i) = 2*i + 2. Let y be w(q). What is the highest common divisor of y and 54?
2
Let j(w) be the first derivative of 41 + 1/2*w**2 + 34*w. Let u be j(-16). Calculate the highest common divisor of 2 and u.
2
Suppose -3916 - 242 = -9*p. Calculate the highest common factor of 12 and p.
6
Suppose 18*d + 2*d + 14 = 214. What is the greatest common factor of d and 57?
1
Let t(z) = -z**2 + 30*z - 85. Let k be t(25). Suppose 5*q = 392 + 168. What is the greatest common divisor of k and q?
8
Let s = -630 - -960. Let n be ((-2 - -526)/(-2))/(-1). Suppose -2*y = 4*f - n, -s = -5*f - 3*y - 3. Calculate the greatest common factor of 6 and f.
6
Suppose 3*j = -4*o + 17707, 2*j - 3*o - 7779 - 3986 = 0. Calculate the greatest common factor of j and 415.
83
Suppose 38*b - 1824 = -10*b. Calculate the greatest common factor of b and 1501.
19
Let u = -437 - -733. Suppose -16*b + u = -12*b. Suppose b + 56 = 2*k. What is the highest common factor of k and 26?
13
Let h(z) = 3*z**2 - 6*z + 8. Let s be h(2). Let b(x) = -x + 31. Let q be b(15). Calculate the highest common divisor of q and s.
8
Let v(r) = 47*r + 263. Let h be v(-5). Calculate the greatest common divisor of h and 7.
7
Let a(n) = -n**3 - 3*n**2 + 20*n + 10. Let s be a(-6). Let i be (44/8 - 5) + (-215)/s. Let c = i + -88. What is the greatest common divisor of 220 and c?
20
Let i be (6 - 0)/((-5)/(-10)). Suppose 0 = -3*v + 9 + i. Let w = 909 + -853. Calculate the highest common factor of w and v.
7
Let w be (-7 + 3)/1 + 77. Let b(j) = 50*j + 323. Let q be b(-5). Calculate the highest common factor of q and w.
73
Suppose 2*x + 0*x - 3*w = 143, 0 = -5*x - 3*w + 347. Let h = x + -34. Let b(k) = -127*k - 4192. Let d be b(-34). Calculate the highest common factor of h and d.
18
Suppose 12*k - 19*k + 42 = 0. Suppose -k*n + 3*n = -m - 404, m - 136 = -n. Let h = 271 - n. Calculate the greatest common factor of h and 17.
17
Let j be (2/3)/(-5*4/(-330)). Let o be (j/4)/(-8 + (-165)/(-20)). Calculate the highest common divisor of o and 352.
11
Let f be (1/((-9)/111))/((-5)/(-30)). Let g = 18 - f. Calculate the greatest common divisor of 23 and g.
23
Suppose -14*z = -19*z + j + 4114, 3*z + 3*j - 2490 = 0. What is the greatest common divisor of 8 and z?
8
Let p = 84 - 79. Suppose -r + m = 2*m, p*m + 8 = 3*r. Let x be r/6 + 1335/90. Calculate the highest common factor of x and 30.
15
Let s(c) = 46*c - 146. Let t be s(20). Suppose 8*j - t = 5*j - 3*o, -3*j + 774 = -3*o. Calculate the greatest common divisor of j and 86.
86
Suppose -4*d = 2*y - 110, 399*y + 3*d - 109 = 397*y. What is the highest common factor of y and 1961?
53
Suppose -10*p - 364 = 136. Let d be (-720)/p*15/6. What is the highest common divisor of 12 and d?
12
Suppose -3*b = -3*a + 38916, 70*b = -3*a + 65*b + 38948. What is the greatest common factor of 16 and a?
16
Let u(z) = z**3 + 17*z**2 - 77*z - 4. Let x be u(16). What is the greatest common divisor of 24 and x?
12
Suppose -13*h + 11399 = -10503 - 3266. Calculate the highest common factor of 128 and h.
16
Suppose -413*y = -432*y + 12844. What is the highest common factor of y and 104?
52
Let o be 12/(-10)*50/(-20). Let c be ((-6)/o)/(2/(-67)). Let t = 75 - c. What is the greatest common factor of 1 and t?
1
Let f(k) = 50*k + 739. Let r be f(-14). What is the greatest common divisor of r and 3?
3
Suppose -7*b = -994 + 84. Let l = 238 - b. What is the highest common factor of l and 54?
54
Let s be 38/9 - 3/(-54)*-4. Suppose s*d = -2*d + 744. Let c = d + 2. Calculate the highest common divisor of c and 14.
14
Let z = 3941 + -3861. Calculate the highest common divisor of z and 1020.
20
Let t be 0 + (-4807)/(-76) + (-2)/8. Let r(q) = q + 4. Let j be r(-7). Let i = j + 10. What is the greatest common divisor of t and i?
7
Let a(d) = d**3 - 9*d**2 - 357*d - 24. Let f be a(24). Calculate the highest common factor of 2336 and f.
16
Let q(c) = -3*c - 2. Let o be q(-2). Suppose 8 = z + o. Suppose -d + 3 = 0, 0 = -3*m + 3*d - z + 37. What is the greatest common factor of 84 and m?
14
Let b be (-140)/1 + (78/13 - 9). Let t = 607 + b. Calculate the greatest common factor of 16 and t.
16
Let i be (-5)/((-245)/28) + 34/14. Suppose i*v + 3*j - 489 = 0, -2*j = -7*j + 15. What is the greatest common factor of 5 and v?
5
Let m = -988 + 755. Let k = m + 245. Calculate the greatest common divisor of 210 and k.
6
Suppose 3*y = 4 + 2, 0 = -b + 4*y - 26. Let a be 2892/108 + (-22)/b + -1. Suppose -5*l = -117 + a. Calculate the greatest common factor of l and 198.
18
Let a(q) = 3*q**2 + 200*q - 61. Let h be a(-67). Calculate the highest common divisor of 1623 and h.
3
Let d(p) = -108*p + 4. Let o be d(-1). Let i be (-9)/15 - (3912/20)/(-6). Calculate the greatest common factor of o and i.
16
Let m(y) = 78*y**2 - 79*y + 79. Let i be m(1). Calculate the greatest common divisor of 3822 and i.
78
Let h(d) = -4*d**3 - 2*d + 1. Let q be h(-2). Let p be 145/25 - (27/15 - 1). Suppose 3404 = 18*y + p*y. Calculate the greatest common divisor of y and q.
37
Suppose 2*h = 3*l - 359, -5*l + 401 + 188 = -h. Suppose 6*t - 5*t = 2*b - 31, 2*b = -t + 21. What is the highest common d